{"id":2495,"date":"2018-07-17T20:38:37","date_gmt":"2018-07-17T17:38:37","guid":{"rendered":"http:\/\/kustr.org\/kusatlasi\/?page_id=2495"},"modified":"2019-08-06T18:39:08","modified_gmt":"2019-08-06T15:39:08","slug":"hakkinda","status":"publish","type":"page","link":"http:\/\/kustr.org\/kusatlasi\/","title":{"rendered":"Merhaba!"},"content":{"rendered":"<h3>Ku\u015f Atlas\u0131&#8217;n\u0131n amac\u0131 T\u00fcrkiye&#8217;de yuvalayan t\u00fcm ku\u015f t\u00fcrlerinin \u00fclke \u00e7ap\u0131ndaki da\u011f\u0131l\u0131m alanlar\u0131n\u0131, ger\u00e7ek g\u00f6zlemlere dayanarak belgelemektedir.<\/h3>\r\nKu\u015f Atlas\u0131, uzun ad\u0131yla &#8220;T\u00fcrkiye \u00dcreyen Ku\u015f Atlas\u0131&#8221; \u00fclkemizde bu g\u00fcne kadar yap\u0131lm\u0131\u015f en kapsaml\u0131 <strong>biyo\u00e7e\u015fitlilik envanter \u00e7al\u0131\u015fmas\u0131<\/strong>d\u0131r.\r\n\r\nKu\u015f atlas\u0131, son derece \u00f6zg\u00fcn ve kolektif bir olu\u015fumdur. Projeyi y\u00fcr\u00fcten ekip, bir\u00e7ok kurum ve kurulu\u015ftan destek alsa da, tek bir vak\u0131f, dernek, kurum veya kurulu\u015f ad\u0131na \u00e7al\u0131\u015fmam\u0131\u015flard\u0131r. Proje s\u0131ras\u0131nda t\u00fcm taraflarla yo\u011fun bir i\u015fbirli\u011fi geli\u015ftirmi\u015flerdir. Bu \u00e7al\u0131\u015fma bir <strong>vatanda\u015f bilimi<\/strong> projesidir ve projenin ger\u00e7ek sahibi <strong>ku\u015f g\u00f6zlemcileridir<\/strong>.\r\n\r\nAtlas sayesinde ya\u015fam alan\u0131 kayb\u0131, iklim de\u011fi\u015fikli\u011fi ve di\u011fer insan kaynakl\u0131 bask\u0131larla de\u011fi\u015fmekte olan t\u00fcr da\u011f\u0131l\u0131mlar\u0131n\u0131 izleyebilece\u011fiz, soyu t\u00fckenmeye yakla\u015fan t\u00fcrleri \u00f6nceden tespit edebilece\u011fiz, tar\u0131m, ormanc\u0131l\u0131k gibi do\u011fada b\u00fcy\u00fck etkileri olan sekt\u00f6rleri hedefleyen do\u011fa koruma projeleri ve programlar\u0131 haz\u0131rlayabilece\u011fiz.\r\n<h3>Ku\u015flar\u0131 korumak istiyorsak, \u00f6nce onlar\u0131n nerede ya\u015fad\u0131\u011f\u0131n\u0131 bilmemiz gerekir!<\/h3>\r\n<a href=\"http:\/\/kustr.org\/kusatlasi\/2016\/11\/biz-kimiz\/\">Biz kimiz!<\/a>\r\n\r\n\r\n\r\n","protected":false},"excerpt":{"rendered":"<p>Ku\u015f Atlas\u0131&#8217;n\u0131n amac\u0131 T\u00fcrkiye&#8217;de yuvalayan t\u00fcm ku\u015f t\u00fcrlerinin \u00fclke \u00e7ap\u0131ndaki da\u011f\u0131l\u0131m alanlar\u0131n\u0131, ger\u00e7ek g\u00f6zlemlere dayanarak belgelemektedir. Ku\u015f Atlas\u0131, uzun ad\u0131yla &#8220;T\u00fcrkiye \u00dcreyen Ku\u015f Atlas\u0131&#8221; \u00fclkemizde bu g\u00fcne kadar yap\u0131lm\u0131\u015f en kapsaml\u0131 biyo\u00e7e\u015fitlilik envanter \u00e7al\u0131\u015fmas\u0131d\u0131r. Ku\u015f atlas\u0131, son derece \u00f6zg\u00fcn ve kolektif bir olu\u015fumdur. Projeyi y\u00fcr\u00fcten ekip, bir\u00e7ok kurum ve kurulu\u015ftan destek alsa da, tek bir [&hellip;]<\/p>\n","protected":false},"author":7,"featured_media":0,"parent":0,"menu_order":0,"comment_status":"closed","ping_status":"closed","template":"","meta":[],"_links":{"self":[{"href":"http:\/\/kustr.org\/kusatlasi\/wp-json\/wp\/v2\/pages\/2495"}],"collection":[{"href":"http:\/\/kustr.org\/kusatlasi\/wp-json\/wp\/v2\/pages"}],"about":[{"href":"http:\/\/kustr.org\/kusatlasi\/wp-json\/wp\/v2\/types\/page"}],"author":[{"embeddable":true,"href":"http:\/\/kustr.org\/kusatlasi\/wp-json\/wp\/v2\/users\/7"}],"replies":[{"embeddable":true,"href":"http:\/\/kustr.org\/kusatlasi\/wp-json\/wp\/v2\/comments?post=2495"}],"version-history":[{"count":5,"href":"http:\/\/kustr.org\/kusatlasi\/wp-json\/wp\/v2\/pages\/2495\/revisions"}],"predecessor-version":[{"id":3220,"href":"http:\/\/kustr.org\/kusatlasi\/wp-json\/wp\/v2\/pages\/2495\/revisions\/3220"}],"wp:attachment":[{"href":"http:\/\/kustr.org\/kusatlasi\/wp-json\/wp\/v2\/media?parent=2495"}],"curies":[{"name":"wp","href":"https:\/\/api.w.org\/{rel}","templated":true}]}}