{"id":2524,"date":"2018-07-17T20:56:51","date_gmt":"2018-07-17T17:56:51","guid":{"rendered":"http:\/\/kustr.org\/kusatlasi\/?page_id=2524"},"modified":"2018-09-12T03:27:09","modified_gmt":"2018-09-12T00:27:09","slug":"serbest-calisma","status":"publish","type":"page","link":"http:\/\/kustr.org\/kusatlasi\/metodoloji\/serbest-calisma\/","title":{"rendered":"Serbest \u00c7al\u0131\u015fma"},"content":{"rendered":"<p>Atlas \u00e7al\u0131\u015fmas\u0131n\u0131n amac\u0131, bir 50&#215;50 km\u2019lik karede \u00fcreyen t\u00fcm t\u00fcrleri tespit etmektir. Bunun i\u00e7in s\u00fcreli \u00e7al\u0131\u015fma g\u00f6zlemlerine ek olarak, kare i\u00e7indeki farkl\u0131 habitatlar\u0131n ziyaret edilmesi ve 50&#215;50 km\u2019lik kare i\u00e7inde bulunan b\u00fct\u00fcn t\u00fcrlerin tespit edilmesi hedeflenmi\u015ftir. Rastlant\u0131sal g\u00f6zlem olarak da bilinen serbest \u00e7al\u0131\u015fma, geni\u015f \u00fcreme alanlar\u0131 olan y\u0131rt\u0131c\u0131 ku\u015flar, sulak alan ku\u015flar\u0131, \u00f6zel habitat tercihi olan kaya ku\u015flar\u0131 gibi gruplar i\u00e7in \u00e7ok \u00f6nemlidir. Ayr\u0131ca gece aktif olan t\u00fcrler, serbest \u00e7al\u0131\u015fmada nadiren de olsa tespit edilir.<\/p>\n<p>T\u00fcrkiye\u2019de \u00e7ok az say\u0131daki ku\u015f g\u00f6zlemcisi, her bir alanda hangi t\u00fcrlerin bulunabilece\u011fini tahmin edebilmektedir. G\u00f6n\u00fcll\u00fclerin 50&#215;50 km\u2019lik karede daha etkili olabilmeleri ve \u00e7al\u0131\u015fmay\u0131 eksizsiz bir t\u00fcr listesiyle tamamlayabilmeleri i\u00e7in, en g\u00fcncel da\u011f\u0131l\u0131m haritalar\u0131n\u0131 bar\u0131nd\u0131ran Kirwan v.d.\u2019nin (2008) haritalar\u0131 dijital ortamda analiz edildi. Her bir 50&#215;50 km\u2019lik kare i\u00e7in beklenen t\u00fcrlerin listesi \u00e7\u0131kar\u0131larak g\u00f6zlemcilerle payla\u015f\u0131ld\u0131.<\/p>\n<p>T\u00fcm bunlara ra\u011fmen, Ku\u015f Atlas\u0131nda en az veri toplanan t\u00fcrler, sulak alan ku\u015flar\u0131, gece ku\u015flar\u0131, y\u0131rt\u0131c\u0131lar, a\u011fa\u00e7kakanlar, orman t\u00fcrleri ve da\u011f t\u00fcrleri oldu. Yap\u0131lan g\u00f6n\u00fcll\u00fc toplant\u0131lar\u0131nda ve ileti\u015fim kanallar\u0131nda g\u00f6n\u00fcll\u00fcler fazladan \u00e7aba gerektiren t\u00fcr gruplar\u0131 konusunda bilgilendirildi. Di\u011fer yandan, atlas verilerinin analizlerinde bu eksikliklerin dikkate al\u0131nmas\u0131 i\u00e7in, her bir karede beklenen t\u00fcrlerin ne kadar\u0131n\u0131n tespit edildi\u011fi hesaplanarak veri taban\u0131na i\u015flendi.<\/p>\n<blockquote class=\"wp-embedded-content\" data-secret=\"PIJdDFyCth\"><p><a href=\"http:\/\/kustr.org\/kusatlasi\/2016\/12\/serbest-kayitlarin-onemi-1\/\">Serbest Kay\u0131tlar\u0131n \u00d6nemi- 1<\/a><\/p><\/blockquote>\n<p><iframe class=\"wp-embedded-content\" sandbox=\"allow-scripts\" security=\"restricted\" style=\"position: absolute; clip: rect(1px, 1px, 1px, 1px);\" src=\"http:\/\/kustr.org\/kusatlasi\/2016\/12\/serbest-kayitlarin-onemi-1\/embed\/#?secret=PIJdDFyCth\" data-secret=\"PIJdDFyCth\" width=\"600\" height=\"338\" title=\"&#8220;Serbest Kay\u0131tlar\u0131n \u00d6nemi- 1&#8221; &#8212; T\u00fcrkiye \u00dcreyen Ku\u015f Atlas\u0131\" frameborder=\"0\" marginwidth=\"0\" marginheight=\"0\" scrolling=\"no\"><\/iframe><\/p>\n","protected":false},"excerpt":{"rendered":"<p>Atlas \u00e7al\u0131\u015fmas\u0131n\u0131n amac\u0131, bir 50&#215;50 km\u2019lik karede \u00fcreyen t\u00fcm t\u00fcrleri tespit etmektir. Bunun i\u00e7in s\u00fcreli \u00e7al\u0131\u015fma g\u00f6zlemlerine ek olarak, kare i\u00e7indeki farkl\u0131 habitatlar\u0131n ziyaret edilmesi ve 50&#215;50 km\u2019lik kare i\u00e7inde bulunan b\u00fct\u00fcn t\u00fcrlerin tespit edilmesi hedeflenmi\u015ftir. Rastlant\u0131sal g\u00f6zlem olarak da bilinen serbest \u00e7al\u0131\u015fma, geni\u015f \u00fcreme alanlar\u0131 olan y\u0131rt\u0131c\u0131 ku\u015flar, sulak alan ku\u015flar\u0131, \u00f6zel habitat tercihi [&hellip;]<\/p>\n","protected":false},"author":7,"featured_media":2626,"parent":2518,"menu_order":0,"comment_status":"closed","ping_status":"closed","template":"","meta":[],"_links":{"self":[{"href":"http:\/\/kustr.org\/kusatlasi\/wp-json\/wp\/v2\/pages\/2524"}],"collection":[{"href":"http:\/\/kustr.org\/kusatlasi\/wp-json\/wp\/v2\/pages"}],"about":[{"href":"http:\/\/kustr.org\/kusatlasi\/wp-json\/wp\/v2\/types\/page"}],"author":[{"embeddable":true,"href":"http:\/\/kustr.org\/kusatlasi\/wp-json\/wp\/v2\/users\/7"}],"replies":[{"embeddable":true,"href":"http:\/\/kustr.org\/kusatlasi\/wp-json\/wp\/v2\/comments?post=2524"}],"version-history":[{"count":2,"href":"http:\/\/kustr.org\/kusatlasi\/wp-json\/wp\/v2\/pages\/2524\/revisions"}],"predecessor-version":[{"id":3092,"href":"http:\/\/kustr.org\/kusatlasi\/wp-json\/wp\/v2\/pages\/2524\/revisions\/3092"}],"up":[{"embeddable":true,"href":"http:\/\/kustr.org\/kusatlasi\/wp-json\/wp\/v2\/pages\/2518"}],"wp:featuredmedia":[{"embeddable":true,"href":"http:\/\/kustr.org\/kusatlasi\/wp-json\/wp\/v2\/media\/2626"}],"wp:attachment":[{"href":"http:\/\/kustr.org\/kusatlasi\/wp-json\/wp\/v2\/media?parent=2524"}],"curies":[{"name":"wp","href":"https:\/\/api.w.org\/{rel}","templated":true}]}}