{"id":2536,"date":"2018-07-17T21:04:41","date_gmt":"2018-07-17T18:04:41","guid":{"rendered":"http:\/\/kustr.org\/kusatlasi\/?page_id=2536"},"modified":"2019-01-28T15:25:27","modified_gmt":"2019-01-28T13:25:27","slug":"atlasin-tarihcesi","status":"publish","type":"page","link":"http:\/\/kustr.org\/kusatlasi\/hakkinda\/atlasin-tarihcesi\/","title":{"rendered":"Atlas\u0131n Tarih\u00e7esi"},"content":{"rendered":"<p>Ulusal \u00f6l\u00e7ekte bir ku\u015f atlas\u0131 fikri 1970\u2019lerde T\u00fcrkiye Ornitoloji Derne\u011fi (OST, bug\u00fcnk\u00fc OSME) taraf\u0131ndan ortaya at\u0131ld\u0131. Bu giri\u015fim o d\u00f6nem i\u00e7in ger\u00e7ek\u00e7i bir plandan \u00e7ok, uzun<br \/>\nvadeli bir hedefti (Kasparek, 1991).<\/p>\n<p><img decoding=\"async\" loading=\"lazy\" class=\"alignnone size-full wp-image-3027\" src=\"http:\/\/kustr.org\/kusatlasi\/wp-content\/uploads\/2018\/09\/towards-a-turkish-atlas.png\" alt=\"\" width=\"1004\" height=\"531\" srcset=\"http:\/\/kustr.org\/kusatlasi\/wp-content\/uploads\/2018\/09\/towards-a-turkish-atlas.png 1004w, http:\/\/kustr.org\/kusatlasi\/wp-content\/uploads\/2018\/09\/towards-a-turkish-atlas-300x159.png 300w, http:\/\/kustr.org\/kusatlasi\/wp-content\/uploads\/2018\/09\/towards-a-turkish-atlas-768x406.png 768w\" sizes=\"(max-width: 1004px) 100vw, 1004px\" \/><\/p>\n<p>Bu hedefe ula\u015fmak i\u00e7in ilk ger\u00e7ek ad\u0131m ise 2001 y\u0131l\u0131nda DHKD taraf\u0131ndan at\u0131ld\u0131.<br \/>\nEBCC\u2019nin ku\u015f atlas\u0131yla ilgili b\u00fct\u00fcn dok\u00fcmanlar\u0131 (metodoloji, arazi kay\u0131t formlar\u0131 vb.)<br \/>\nterc\u00fcme edildi ve uyarland\u0131. Yerel \u00f6l\u00e7ekte 2001 y\u0131l\u0131nda \u0130stanbul, Kayseri ve Samsun\u2019da<br \/>\n50&#215;50 km\u2019lik karelerde pilot \u00e7al\u0131\u015fmalar ba\u015flat\u0131ld\u0131. \u0130zmir Karaburun\u2019da 2004 y\u0131l\u0131nda<br \/>\nba\u015far\u0131l\u0131 bir \u00e7al\u0131\u015fma tamamland\u0131. Di\u011fer pilot projelere ise devam edilemedi. O g\u00fcn\u00fcn<br \/>\nko\u015fullar\u0131nda kapsaml\u0131 bir atlas \u00e7al\u0131\u015fmas\u0131 i\u00e7in hem yeterli b\u00fct\u00e7e bulunamad\u0131, hem de<br \/>\nmevcut ku\u015f g\u00f6zlemci kapasitesinin yetersiz kald\u0131\u011f\u0131 ortaya \u00e7\u0131kt\u0131. Projeye devam edilemedi.<br \/>\nAncak olu\u015fturulan ve haz\u0131rlanan belgeler ile edinilen tecr\u00fcbe daha sonra T\u00fcrkiye<br \/>\n\u00dcreyen Ku\u015f Atlas\u0131 projesinin temelini olu\u015fturacakt\u0131.<\/p>\n<p>\u0130lk kapsaml\u0131 Avrupa \u00dcreyen Ku\u015flar Atlas\u0131, di\u011fer ad\u0131yla Avrupa Ornitoloji Atlas\u0131 1997<br \/>\ny\u0131l\u0131nda yay\u0131mland\u0131. T\u00fcrkiye, K\u0131br\u0131s, Kafkaslar ve Rusya\u2019n\u0131n b\u00fcy\u00fck b\u00f6l\u00fcm\u00fc birinci<br \/>\nAvrupa \u00dcreyen Ku\u015f Atlas\u0131\u2019na d\u00e2hil edilmedi (Hagemeijer &amp; Blair, 1997).<\/p>\n<p>Birinci Avrupa \u00dcreyen Ku\u015f Atlas\u0131\u2019n\u0131n yay\u0131mlanmas\u0131ndan 30 y\u0131l sonra, Azor<br \/>\nAdalar\u0131\u2019ndan Rusya\u2019ya kadar, ornitologlar ve g\u00f6n\u00fcll\u00fc ku\u015f g\u00f6zlemcilerinden olu\u015fan bir<br \/>\na\u011f kuruldu. Her bir \u00fclkede \u00e7al\u0131\u015fmay\u0131 organize edecek ulusal koordinat\u00f6rler belirlendi ve<br \/>\n5 y\u0131lda, 50\u2019den fazla \u00fclkede, 500\u2019den fazla \u00fcreyen ku\u015f t\u00fcr\u00fcn\u00fc 5000\u2019in \u00fczerinde 50&#215;50<br \/>\nkm\u2019lik karede belgelemek hedefiyle EBBA2 projesi ba\u015flad\u0131. Proje esnas\u0131nda 2013-2017<br \/>\ny\u0131llar\u0131nda g\u00f6zlem verileri topland\u0131. 2018-2019 y\u0131llar\u0131nda veri analizi ve modelleme<br \/>\n\u00e7al\u0131\u015fmas\u0131 tamamland\u0131. 2020 y\u0131l\u0131nda EBBA2 kitab\u0131n\u0131n bas\u0131lmas\u0131 hedeflendi.<\/p>\n<p>T\u00fcrkiye \u00dcreyen Ku\u015f Atlas\u0131\u2019n\u0131n ba\u015flamas\u0131 i\u00e7in en b\u00fcy\u00fck ad\u0131m, 2013 y\u0131l\u0131 Mart ay\u0131nda<br \/>\nBarselona\u2019da ger\u00e7ekle\u015fen EBBA2 \u00e7al\u0131\u015ftay\u0131nda at\u0131ld\u0131. EBCC\u2019nin Avrupa \u00dcreyen Ku\u015f<br \/>\nAtlas\u0131\u2019n\u0131 g\u00fcncelleme plan\u0131na T\u00fcrkiye\u2019yi de d\u00e2hil etme arzusu ile T\u00fcrkiye \u00dcreyen Ku\u015f<br \/>\nAtlas\u0131\u2019n\u0131n yap\u0131labilmesi i\u00e7in b\u00fcy\u00fck bir f\u0131rsat do\u011fdu.<\/p>\n<p>RSPB\u2019den (Kraliyet Ku\u015flar\u0131 Koruma Derne\u011fi) Jos\u00e9 Tavares, Kerem Ali Boyla\u2019n\u0131n EBBA2<br \/>\n\u00e7al\u0131\u015ftay\u0131na kat\u0131lmas\u0131n\u0131 sa\u011flad\u0131. Kerem Ali Boyla burada T\u00fcrkiye\u2019deki ku\u015f g\u00f6zlemci<br \/>\nsay\u0131s\u0131n\u0131n ve Ku\u015fBank\u2019taki veri miktar\u0131n\u0131n bu proje i\u00e7in yeterli oldu\u011funu ortaya koydu.<br \/>\nBunun \u00fczerine EBCC, T\u00fcrkiye\u2019yi EBBA2\u2019ye d\u00e2hil etmek i\u00e7in T\u00fcrkiye \u00dcreyen Ku\u015f<br \/>\nAtlas\u0131\u2019n\u0131 desteklemeye karar verdi.<\/p>\n<p>Projenin ilk a\u015famalar\u0131nda, Atlas\u2019\u0131n nas\u0131l bir kurumsal yap\u0131 i\u00e7inde konumlanmas\u0131<br \/>\ngerekti\u011fi tart\u0131\u015f\u0131ld\u0131. Kerem Ali Boyla Atlas ve benzeri projelere ev sahipli\u011fi yapabilecek<br \/>\nyeni bir vak\u0131f olu\u015fumu i\u00e7in bir \u00e7al\u0131\u015fma haz\u0131rlad\u0131 ve bir \u00e7a\u011fr\u0131da bulundu. Bunun \u00fczerine,<br \/>\nAtlas projesinin ilk destek\u00e7ileri olan Ali R\u0131za Alt\u0131nok, Asaf Ertan, Emine Nurhan<br \/>\nTekin, Emrah \u00c7oraman, Fikret Can, Fikret Karacan, H\u00fcrm\u00fcz Yeniceli, Murat Yarar,<br \/>\n\u00d6mer Necipo\u011flu, Taner \u015eekercio\u011flu ve Yavuz Eryavuz \u015eubat 2014\u2019te bir araya geldi.<br \/>\nTart\u0131\u015fmalar sonucunda, yeni bir vakf\u0131n kurulmas\u0131 yerine Atlas\u2019\u0131n mevcut kurulu\u015flardan<br \/>\nbirinin \u00e7at\u0131s\u0131 alt\u0131nda ger\u00e7ekle\u015fmesine karar verildi.<\/p>\n<p>EBCC komite \u00fcyeleri y\u0131ll\u0131k ola\u011fan toplant\u0131s\u0131n\u0131 24 Mart 2014\u2019te \u0130stanbul\u2019da yapmaya<br \/>\nkarar\u0131 verdi. Bu esnada hem kendi g\u00f6r\u00fc\u015fmelerini, hem de T\u00fcrkiye\u2019deki ku\u015f g\u00f6zlemcileri<br \/>\nile birlikte Atlas\u2019\u0131n ba\u015flang\u0131\u00e7 toplant\u0131s\u0131n\u0131 ger\u00e7ekle\u015ftirdiler. Toplant\u0131ya kat\u0131lan Dilek<br \/>\n\u015eahin, Engin Gem, Esra Per, Gernant Magnin, \u0130lker \u00d6zbahar, Kiraz Erciyas Yavuz,<br \/>\nNil\u00fcfer Ara\u00e7, Orhan G\u00fcl, \u00d6mer Necipo\u011flu, \u00d6zge Balk\u0131z, S\u00fcreyya \u0130sfendiyaro\u011flu, Vedat<br \/>\nBe\u015fkarde\u015f ve Zeynel Arslang\u00fcndo\u011fdu, Atlas projesinin sunulan haliyle ger\u00e7ek\u00e7i,<br \/>\nyap\u0131labilir ve \u00f6ncelikli oldu\u011fu sonucuna vard\u0131lar. Ertesi g\u00fcn \u00c7atalca\u2019da yap\u0131lan bir pilot<br \/>\narazi \u00e7al\u0131\u015fmas\u0131nda ku\u015f g\u00f6zlemcileri ve EBCC komite \u00fcyeleri bir araya gelerek Atlas<br \/>\nmetodunu uygulad\u0131lar. Bu toplant\u0131n\u0131n sonunda <a href=\"http:\/\/kustr.org\/kusatlasi\/2014\/06\/turkiyenin-ilk-ureyen-kus-atlasi-projesi-basliyor\/\">bir duyuru ile<\/a> proje ba\u015flam\u0131\u015f oldu.<\/p>\n","protected":false},"excerpt":{"rendered":"<p>Ulusal \u00f6l\u00e7ekte bir ku\u015f atlas\u0131 fikri 1970\u2019lerde T\u00fcrkiye Ornitoloji Derne\u011fi (OST, bug\u00fcnk\u00fc OSME) taraf\u0131ndan ortaya at\u0131ld\u0131. Bu giri\u015fim o d\u00f6nem i\u00e7in ger\u00e7ek\u00e7i bir plandan \u00e7ok, uzun vadeli bir hedefti (Kasparek, 1991). Bu hedefe ula\u015fmak i\u00e7in ilk ger\u00e7ek ad\u0131m ise 2001 y\u0131l\u0131nda DHKD taraf\u0131ndan at\u0131ld\u0131. EBCC\u2019nin ku\u015f atlas\u0131yla ilgili b\u00fct\u00fcn dok\u00fcmanlar\u0131 (metodoloji, arazi kay\u0131t formlar\u0131 vb.) [&hellip;]<\/p>\n","protected":false},"author":7,"featured_media":0,"parent":2495,"menu_order":0,"comment_status":"closed","ping_status":"closed","template":"","meta":[],"_links":{"self":[{"href":"http:\/\/kustr.org\/kusatlasi\/wp-json\/wp\/v2\/pages\/2536"}],"collection":[{"href":"http:\/\/kustr.org\/kusatlasi\/wp-json\/wp\/v2\/pages"}],"about":[{"href":"http:\/\/kustr.org\/kusatlasi\/wp-json\/wp\/v2\/types\/page"}],"author":[{"embeddable":true,"href":"http:\/\/kustr.org\/kusatlasi\/wp-json\/wp\/v2\/users\/7"}],"replies":[{"embeddable":true,"href":"http:\/\/kustr.org\/kusatlasi\/wp-json\/wp\/v2\/comments?post=2536"}],"version-history":[{"count":5,"href":"http:\/\/kustr.org\/kusatlasi\/wp-json\/wp\/v2\/pages\/2536\/revisions"}],"predecessor-version":[{"id":3270,"href":"http:\/\/kustr.org\/kusatlasi\/wp-json\/wp\/v2\/pages\/2536\/revisions\/3270"}],"up":[{"embeddable":true,"href":"http:\/\/kustr.org\/kusatlasi\/wp-json\/wp\/v2\/pages\/2495"}],"wp:attachment":[{"href":"http:\/\/kustr.org\/kusatlasi\/wp-json\/wp\/v2\/media?parent=2536"}],"curies":[{"name":"wp","href":"https:\/\/api.w.org\/{rel}","templated":true}]}}