{"id":2551,"date":"2018-07-17T21:17:46","date_gmt":"2018-07-17T18:17:46","guid":{"rendered":"http:\/\/kustr.org\/kusatlasi\/?page_id=2551"},"modified":"2020-04-14T13:05:40","modified_gmt":"2020-04-14T10:05:40","slug":"atlas-kareleri","status":"publish","type":"page","link":"http:\/\/kustr.org\/kusatlasi\/metodoloji\/atlas-kareleri\/","title":{"rendered":"Atlas Kareleri"},"content":{"rendered":"<p>T\u00fcm d\u00fcnyada yap\u0131lan atlas \u00e7al\u0131\u015fmalar\u0131nda, ya derece ya da metre cinsinden olu\u015fturulan kareler kullan\u0131l\u0131r. Dereceler aras\u0131ndaki mesafenin fazla fark g\u00f6stermedi\u011fi ekvator \u00e7izgisine yak\u0131n alanlarda, \u00f6rne\u011fin G\u00fcney Afrika\u2019da, kareler derece biriminde olu\u015fturulur. Avrupa gibi kuzey enlemlerde benzer boyutlarda kareler olu\u015fturman\u0131n en iyi yolu UTM koordinat sistemini temel almakt\u0131r.<\/p>\n<p>Atlas i\u00e7in EBBA2\u2019nin standart koordinat sistemi olan UTM (WGS84)<a href=\"#_ftn1\" name=\"_ftnref1\">[1]<\/a> kullan\u0131lm\u0131\u015ft\u0131r. EBBA2\u2019de kullan\u0131lan \u00f6l\u00e7ek \u00fclkeden \u00fclkeye de\u011fi\u015fmektedir. Y\u00fcz\u00f6l\u00e7\u00fcm\u00fc k\u00fc\u00e7\u00fck ve ku\u015f g\u00f6zlemci say\u0131s\u0131 y\u00fcksek olan bir \u00fclke olan Hollanda\u2019da atlas 5&#215;5 km\u2019lik \u00f6l\u00e7ekte yap\u0131l\u0131rken, y\u00fcz\u00f6l\u00e7\u00fcm\u00fc b\u00fcy\u00fck ve ku\u015f g\u00f6zlemci kapasitesi s\u0131n\u0131rl\u0131 olan T\u00fcrkiye\u2019de, kabul edilebilir en y\u00fcksek \u00f6l\u00e7ek olan 50&#215;50 km\u2019lik kareler kullan\u0131lm\u0131\u015ft\u0131r. Proje kapsam\u0131nda T\u00fcrkiye\u2019de 50&#215;50 km\u2019lik 375 \u00e7al\u0131\u015f\u0131lacak kare olu\u015fturulmu\u015ftur.<\/p>\n<p>Atlas kareleri KMZ format\u0131nda da indirilebilir.<\/p>\n<p>Karelerle ilgili daha fazla bilgi i\u00e7in <a href=\"http:\/\/kustr.org\/kusatlasi\/?page_id=2083&amp;preview=true\">MGRS format\u0131 hakk\u0131nda bilgiler<\/a>.<\/p>\n<p>&nbsp;<\/p>\n","protected":false},"excerpt":{"rendered":"<p>T\u00fcm d\u00fcnyada yap\u0131lan atlas \u00e7al\u0131\u015fmalar\u0131nda, ya derece ya da metre cinsinden olu\u015fturulan kareler kullan\u0131l\u0131r. Dereceler aras\u0131ndaki mesafenin fazla fark g\u00f6stermedi\u011fi ekvator \u00e7izgisine yak\u0131n alanlarda, \u00f6rne\u011fin G\u00fcney Afrika\u2019da, kareler derece biriminde olu\u015fturulur. Avrupa gibi kuzey enlemlerde benzer boyutlarda kareler olu\u015fturman\u0131n en iyi yolu UTM koordinat sistemini temel almakt\u0131r. Atlas i\u00e7in EBBA2\u2019nin standart koordinat sistemi olan UTM [&hellip;]<\/p>\n","protected":false},"author":7,"featured_media":2616,"parent":2518,"menu_order":0,"comment_status":"closed","ping_status":"closed","template":"","meta":[],"_links":{"self":[{"href":"http:\/\/kustr.org\/kusatlasi\/wp-json\/wp\/v2\/pages\/2551"}],"collection":[{"href":"http:\/\/kustr.org\/kusatlasi\/wp-json\/wp\/v2\/pages"}],"about":[{"href":"http:\/\/kustr.org\/kusatlasi\/wp-json\/wp\/v2\/types\/page"}],"author":[{"embeddable":true,"href":"http:\/\/kustr.org\/kusatlasi\/wp-json\/wp\/v2\/users\/7"}],"replies":[{"embeddable":true,"href":"http:\/\/kustr.org\/kusatlasi\/wp-json\/wp\/v2\/comments?post=2551"}],"version-history":[{"count":5,"href":"http:\/\/kustr.org\/kusatlasi\/wp-json\/wp\/v2\/pages\/2551\/revisions"}],"predecessor-version":[{"id":3373,"href":"http:\/\/kustr.org\/kusatlasi\/wp-json\/wp\/v2\/pages\/2551\/revisions\/3373"}],"up":[{"embeddable":true,"href":"http:\/\/kustr.org\/kusatlasi\/wp-json\/wp\/v2\/pages\/2518"}],"wp:featuredmedia":[{"embeddable":true,"href":"http:\/\/kustr.org\/kusatlasi\/wp-json\/wp\/v2\/media\/2616"}],"wp:attachment":[{"href":"http:\/\/kustr.org\/kusatlasi\/wp-json\/wp\/v2\/media?parent=2551"}],"curies":[{"name":"wp","href":"https:\/\/api.w.org\/{rel}","templated":true}]}}