{"id":2654,"date":"2018-09-10T21:00:00","date_gmt":"2018-09-10T18:00:00","guid":{"rendered":"http:\/\/kustr.org\/kusatlasi\/?page_id=2654"},"modified":"2018-09-12T08:57:27","modified_gmt":"2018-09-12T05:57:27","slug":"tur-haritalari","status":"publish","type":"page","link":"http:\/\/kustr.org\/kusatlasi\/tur-haritalari\/","title":{"rendered":"T\u00fcr Haritalar\u0131"},"content":{"rendered":"<h5>Toplam 317 T\u00fcr<\/h5>\n<p>2014-2017 y\u0131llar\u0131 aras\u0131nda yap\u0131lan bu \u00e7al\u0131\u015fmada, T\u00fcrkiye\u2019de bug\u00fcne kadar Avrupa genelindeki en y\u00fcksek de\u011ferdir. T\u00fcrkiye\u2019de y\u00fcksek \u00fcreme olas\u0131l\u0131\u011f\u0131 olan, ancak somut bir g\u00f6zlem kayd\u0131 olmayan t\u00fcrlerin \u00fcreme kay\u0131tlar\u0131 al\u0131namam\u0131\u015ft\u0131r. Bu t\u00fcrler bal\u0131k kartal\u0131 (<em>Pandion haliaetus<\/em>), benekli suyelvesi (<em>Porzana porzana<\/em>) ve su\u00e7ullu\u011fudur (<em>Gallinago gallinago<\/em>). \u00d6n\u00fcm\u00fczdeki y\u0131llarda bu t\u00fcrlere ait kay\u0131tlar\u0131n gelmesi beklenebilir.<\/p>\n<h5>T\u00fcrkiye Faunas\u0131 i\u00e7in 3 Yeni T\u00fcr<\/h5>\n<p>Atlas projesi esnas\u0131nda \u00fc\u00e7 t\u00fcr\u00fcn \u00fclkedeki ilk \u00fcreme kay\u0131tlar\u0131 al\u0131nm\u0131\u015ft\u0131r. Bunlar Eski\u015fehir\u2019de yuvalayan alado\u011fan (<em>Falco vespertinus<\/em>), Hakkari\u2019de yuvalayan sazak mukallidi (<em>Iduna [Hippolais] rama<\/em>) ve \u015eanl\u0131urfa Birecik\u2019te yuvalayan ak yanakl\u0131 arapb\u00fclb\u00fcl\u00fcd\u00fcr (<em>Pycnonotus leucotos<\/em>).<\/p>\n<h5>3 T\u00fcr Bulunamad\u0131<\/h5>\n<p>\u00dclke \u00e7ap\u0131ndaki \u00fcreyen n\u00fcfusu yok olmak \u00fczere olan \u00fc\u00e7 t\u00fcr\u00fcn 2014-2018 y\u0131llar\u0131 aras\u0131nda sa\u011fl\u0131kl\u0131 bir \u00fcreme kayd\u0131 ne yaz\u0131k ki al\u0131namam\u0131\u015ft\u0131r. Atlas ile ortaya \u00e7\u0131kan \u00e7arp\u0131c\u0131 bir ger\u00e7ek, \u00fc\u00e7 t\u00fcr\u00fcn art\u0131k T\u00fcrkiye\u2019de muhtemelen \u00fcremedi\u011fidir. Eskiden Do\u011fu Anadolu\u2019da 4 farkl\u0131 sulak alanda \u00fcremi\u015f olan telli turna (<em>Grus virgo<\/em>), G\u00f6ksu Deltas\u0131\u2019nda \u00fcreyen yaz \u00f6rde\u011fi (<em>Marmaronetta angustirostris<\/em>) ve yine Do\u011fu Anadolu\u2019nun y\u00fcksek g\u00f6llerinde yuvalayan kadife \u00f6rde\u011fin (<em>Melanitta fusca<\/em>) \u00fcreyen bireyleri tespit edilemedi.<\/p>\n<h5>Yabanc\u0131 T\u00fcrler<\/h5>\n<p>Baz\u0131 yabanc\u0131 t\u00fcrlerin pop\u00fclasyonlar\u0131, insan eliyle yerle\u015ftirilmi\u015ftir. Di\u011fer yandan k\u00fc\u00e7\u00fck kumru (<em>Stigmopelia [Streptopelia] senegalensis<\/em>), ye\u015fil papa\u011fan (<em>Psittacula krameri<\/em>) , \u0130skender papa\u011fan\u0131 (<em>Psittacula eupatria<\/em>) ve \u00e7i\u011fdeci (<em>Acridotheres tristris<\/em>) gibi yabanc\u0131 t\u00fcrlerin h\u0131zla yay\u0131ld\u0131klar\u0131 tespit edildi.Bunlar ye\u015fil papa\u011fan, \u0130skender papa\u011fan\u0131 ve \u00e7i\u011fdecidir. \u0130stanbul \u00e7evresindeki k\u00fc\u00e7\u00fck kumru da ayn\u0131 kategoride olsa da \u00fclkenin geri kalan\u0131ndaki ku\u015flar\u0131n G\u00fcneydo\u011fu Anadolu\u2019dan kendi ba\u015f\u0131na yay\u0131lan ku\u015flardan olu\u015ftu\u011fu d\u00fc\u015f\u00fcn\u00fcl\u00fcr. Yine yabanc\u0131 t\u00fcrlerden Nil kaz\u0131 (<em>Alopochen aegyptiaca<\/em>) ve pufla (<em>Somateria mollissima<\/em>), d\u00f6rt mevsim \u00fclkemizde ya\u015fasalar da hen\u00fcz \u00fcreme kay\u0131tlar\u0131 tespit edilmemi\u015ftir.<\/p>\n","protected":false},"excerpt":{"rendered":"<p>Toplam 317 T\u00fcr 2014-2017 y\u0131llar\u0131 aras\u0131nda yap\u0131lan bu \u00e7al\u0131\u015fmada, T\u00fcrkiye\u2019de bug\u00fcne kadar Avrupa genelindeki en y\u00fcksek de\u011ferdir. T\u00fcrkiye\u2019de y\u00fcksek \u00fcreme olas\u0131l\u0131\u011f\u0131 olan, ancak somut bir g\u00f6zlem kayd\u0131 olmayan t\u00fcrlerin \u00fcreme kay\u0131tlar\u0131 al\u0131namam\u0131\u015ft\u0131r. Bu t\u00fcrler bal\u0131k kartal\u0131 (Pandion haliaetus), benekli suyelvesi (Porzana porzana) ve su\u00e7ullu\u011fudur (Gallinago gallinago). \u00d6n\u00fcm\u00fczdeki y\u0131llarda bu t\u00fcrlere ait kay\u0131tlar\u0131n gelmesi beklenebilir. T\u00fcrkiye [&hellip;]<\/p>\n","protected":false},"author":7,"featured_media":0,"parent":0,"menu_order":0,"comment_status":"closed","ping_status":"closed","template":"","meta":[],"_links":{"self":[{"href":"http:\/\/kustr.org\/kusatlasi\/wp-json\/wp\/v2\/pages\/2654"}],"collection":[{"href":"http:\/\/kustr.org\/kusatlasi\/wp-json\/wp\/v2\/pages"}],"about":[{"href":"http:\/\/kustr.org\/kusatlasi\/wp-json\/wp\/v2\/types\/page"}],"author":[{"embeddable":true,"href":"http:\/\/kustr.org\/kusatlasi\/wp-json\/wp\/v2\/users\/7"}],"replies":[{"embeddable":true,"href":"http:\/\/kustr.org\/kusatlasi\/wp-json\/wp\/v2\/comments?post=2654"}],"version-history":[{"count":5,"href":"http:\/\/kustr.org\/kusatlasi\/wp-json\/wp\/v2\/pages\/2654\/revisions"}],"predecessor-version":[{"id":3194,"href":"http:\/\/kustr.org\/kusatlasi\/wp-json\/wp\/v2\/pages\/2654\/revisions\/3194"}],"wp:attachment":[{"href":"http:\/\/kustr.org\/kusatlasi\/wp-json\/wp\/v2\/media?parent=2654"}],"curies":[{"name":"wp","href":"https:\/\/api.w.org\/{rel}","templated":true}]}}