{"id":3099,"date":"2018-09-12T03:37:15","date_gmt":"2018-09-12T00:37:15","guid":{"rendered":"http:\/\/kustr.org\/kusatlasi\/?page_id=3099"},"modified":"2018-09-12T04:17:30","modified_gmt":"2018-09-12T01:17:30","slug":"masabasinda","status":"publish","type":"page","link":"http:\/\/kustr.org\/kusatlasi\/masabasinda\/","title":{"rendered":"Veri Derleme"},"content":{"rendered":"\n<p>Planlama a\u015famas\u0131nda 375 karenin yar\u0131s\u0131nda \u00e7al\u0131\u015fmak hedeflense de, mevcut g\u00f6zlemci kapasitesi ve g\u00f6zlemcilerin illere da\u011f\u0131l\u0131m\u0131n\u0131n e\u015fit olmamas\u0131 nedeniyle bu karelerin hepsi ziyaret edilemedi. Buna ek olarak, g\u00f6zlem yap\u0131lan karelerde zaman\u0131n k\u0131s\u0131tl\u0131 olmas\u0131 ve g\u00f6zlemcilerin tecr\u00fcbe d\u00fczeyindeki farkl\u0131l\u0131klar nedeniyle, bir\u00e7ok t\u00fcre ait g\u00f6zlem bilgisinin eksik kald\u0131\u011f\u0131 tespit edildi. <\/p>\n\n\n\n<h3 class=\"wp-block-heading\">Bu nedenle 2000-2017 y\u0131llar\u0131 aras\u0131nda kaydedilen b\u00fct\u00fcn g\u00f6zlemler ve ara\u015ft\u0131rma raporlar\u0131 atlas \u00e7al\u0131\u015fmas\u0131na d\u00e2hil edildi.<\/h3>\n\n\n\n<figure class=\"wp-block-embed is-type-wp-embed is-provider-turkiye-ureyen-kus-atlasi\">\n<blockquote class=\"wp-embedded-content\" data-secret=\"P7BrrkoDrY\"><a href=\"http:\/\/kustr.org\/kusatlasi\/2016\/08\/atlas-top-50\/\">Atlas Top 50<\/a><\/blockquote><iframe class=\"wp-embedded-content\" sandbox=\"allow-scripts\" security=\"restricted\" style=\"position: absolute; clip: rect(1px, 1px, 1px, 1px);\" src=\"http:\/\/kustr.org\/kusatlasi\/2016\/08\/atlas-top-50\/embed\/#?secret=P7BrrkoDrY\" data-secret=\"P7BrrkoDrY\" width=\"600\" height=\"338\" title=\"&#8220;Atlas Top 50&#8221; &#8212; T\u00fcrkiye \u00dcreyen Ku\u015f Atlas\u0131\" frameborder=\"0\" marginwidth=\"0\" marginheight=\"0\" scrolling=\"no\"><\/iframe>\n<\/figure>\n","protected":false},"excerpt":{"rendered":"<p>Planlama a\u015famas\u0131nda 375 karenin yar\u0131s\u0131nda \u00e7al\u0131\u015fmak hedeflense de, mevcut g\u00f6zlemci kapasitesi ve g\u00f6zlemcilerin illere da\u011f\u0131l\u0131m\u0131n\u0131n e\u015fit olmamas\u0131 nedeniyle bu karelerin hepsi ziyaret edilemedi. Buna ek olarak, g\u00f6zlem yap\u0131lan karelerde zaman\u0131n k\u0131s\u0131tl\u0131 olmas\u0131 ve g\u00f6zlemcilerin tecr\u00fcbe d\u00fczeyindeki farkl\u0131l\u0131klar nedeniyle, bir\u00e7ok t\u00fcre ait g\u00f6zlem bilgisinin eksik kald\u0131\u011f\u0131 tespit edildi. Bu nedenle 2000-2017 y\u0131llar\u0131 aras\u0131nda kaydedilen b\u00fct\u00fcn g\u00f6zlemler [&hellip;]<\/p>\n","protected":false},"author":7,"featured_media":2372,"parent":0,"menu_order":0,"comment_status":"closed","ping_status":"closed","template":"","meta":[],"_links":{"self":[{"href":"http:\/\/kustr.org\/kusatlasi\/wp-json\/wp\/v2\/pages\/3099"}],"collection":[{"href":"http:\/\/kustr.org\/kusatlasi\/wp-json\/wp\/v2\/pages"}],"about":[{"href":"http:\/\/kustr.org\/kusatlasi\/wp-json\/wp\/v2\/types\/page"}],"author":[{"embeddable":true,"href":"http:\/\/kustr.org\/kusatlasi\/wp-json\/wp\/v2\/users\/7"}],"replies":[{"embeddable":true,"href":"http:\/\/kustr.org\/kusatlasi\/wp-json\/wp\/v2\/comments?post=3099"}],"version-history":[{"count":5,"href":"http:\/\/kustr.org\/kusatlasi\/wp-json\/wp\/v2\/pages\/3099\/revisions"}],"predecessor-version":[{"id":3141,"href":"http:\/\/kustr.org\/kusatlasi\/wp-json\/wp\/v2\/pages\/3099\/revisions\/3141"}],"wp:featuredmedia":[{"embeddable":true,"href":"http:\/\/kustr.org\/kusatlasi\/wp-json\/wp\/v2\/media\/2372"}],"wp:attachment":[{"href":"http:\/\/kustr.org\/kusatlasi\/wp-json\/wp\/v2\/media?parent=3099"}],"curies":[{"name":"wp","href":"https:\/\/api.w.org\/{rel}","templated":true}]}}